06 - b. List the prime factors of l.
2, 3, 19
Let s be 0 - (-1)/(1/6). Let p be (198/18 + -14)*(-1 - 43). Suppose -5*j = -r - 116, 0 = -j + s*j + 3*r - p. What are the prime factors of j?
2, 3
Let r = -192 + 1189. What are the prime factors of r?
997
Let v = 61 - 20. Suppose k - 123 - v = 0. What are the prime factors of k?
2, 41
Let v(w) = -5*w**2 + 24*w + 10. Let x(r) = -r**2 + 5*r + 2. Let h(a) = 2*v(a) - 11*x(a). Let t be h(7). What are the prime factors of 9 - (-5 - -3) - t?
13
Suppose -3*u - 2*o - 48 = u, -u - 4*o - 19 = 0. Let i = u + 10. Let x(k) = 14*k**2 - 1. What are the prime factors of x(i)?
13
Suppose -3*w + 15 = -0. What are the prime factors of (-2*597/12)/(w/(-10))?
199
Let x = -3665 - -9276. What are the prime factors of x?
31, 181
List the prime factors of (-14)/35 + (-6 - 109774/(-35)).
2, 5, 313
What are the prime factors of ((-1)/3)/(11/(-78969))?
2393
Suppose -5*d = 85 - 35. Let a(t) = -12*t + 24. List the prime factors of a(d).
2, 3
Let i = 68 - 61. Suppose -3*j + i*j = 748. What are the prime factors of j?
11, 17
Let o(q) = -q**3 + 20*q**2 + 14*q + 7. What are the prime factors of o(17)?
2, 139
Let w(a) = -3 + a + 2*a - 2*a - 2. Let l be w(7). What are the prime factors of 3/(6/25)*l?
5
Suppose k + 64 = -3*k. Let j(f) = f**3 - 9*f**2 + 3*f - 31. Let c be j(9). Let x = c - k. List the prime factors of x.
2, 3
Let o(v) = 5*v - 9. Let s be o(6). Let d = 32 - s. List the prime factors of d.
11
Suppose -4*z + q = -9560, -2*z = -5*q - 647 - 4133. What are the prime factors of z?
2, 5, 239
Suppose -5*b - 91 = -6. Let d = b - -38. List the prime factors of d.
3, 7
Suppose 0*f = -5*f + 10, 368 = 5*x - f. Suppose 2*y - x = v - 0*v, -4*v + 198 = 5*y. Let j = y + -15. What are the prime factors of j?
23
Let o = 10 + -16. Let s = 35 - o. What are the prime factors of s?
41
Let k = -38 + 45. Suppose 0 = v + k*v - 488. List the prime factors of v.
61
Let f(o) = -30*o - 7. Let q be f(3). Let z = -92 - q. What are the prime factors of z?
5
Suppose -42549 = -29*p - 10*p. List the prime factors of p.
1091
Suppose l + 5*z + 0*z = 3, 2*z - 9 = -3*l. Suppose -3*h + 105 = -l*p, h = -5*p + 43 + 16. What are the prime factors of h?
3, 13
Let x(q) = 28 + 0*q - q**2 + q + 0*q**2. Suppose 4*u = -u. What are the prime factors of x(u)?
2, 7
Let b = -498 - -704. List the prime factors of b.
2, 103
Suppose -r - 4*l + 13 = 0, 3*l = 4*r + 14 + 10. What are the prime factors of (-726)/(-12)*(-6)/r?
11
Suppose 15 - 1 = -2*w. Let j(a) = 4*a**2 + 15*a + 5. Let c(r) = -5*r**2 - 17*r - 5. Let o(z) = 2*c(z) + 3*j(z). What are the prime factors of o(w)?
2, 13
Suppose 5*a = -4*w + 35, -2*a + 4*w = -w + 19. List the prime factors of a.
3
What are the prime factors of -310*4/40*-5?
5, 31
Let w(m) = 111*m - 95. What are the prime factors of w(17)?
2, 7
What are the prime factors of 97*24*(-308)/(-462)?
2, 97
Let b(s) = s + 18. Let g be b(-14). Suppose g*n = 3*n - 5*z - 3, -2*z - 2 = 0. Suppose m = 3*k - 4 - 5, -3*m + 8 = -n*k. List the prime factors of m.
2, 3
Suppose 0 = 5*x - 776 + 176. List the prime factors of x.
2, 3, 5
Suppose 40 + 48 = -4*t. Let f be 107/(-7) - t/77. Let z = f + 30. List the prime factors of z.
3, 5
Suppose -6*o + 10 = -o. Suppose -3*b + 2*v = o*b - 380, -2*v = -10. What are the prime factors of b?
2, 3, 13
Let g = -12 + 10. Let s be (-1 - 8/g) + -1. Suppose s*l - 99 = -l. What are the prime factors of l?
3, 11
Suppose 5*d - 9 + 4 = 0, 1357 = 4*k + d. What are the prime factors of k?
3, 113
Suppose w + 4*j + 4 + 8 = 0, -j + 15 = -2*w. Let k(o) = o**3 + 7*o**2 - 9*o - 5. Let p be k(w). What are the prime factors of 2/p*(-207)/(-6)?
23
Let f = -73 - -100. Suppose 28*m - f*m - 23 = 0. What are the prime factors of m?
23
Let f(u) = -6*u**3 + 7*u**2 + 5*u - 2. Let p(j) = -j**2 - j + 1. Let y(m) = -f(m) - 6*p(m). List the prime factors of y(3).
2, 19
Suppose 0 = -5*t + 4*z - 775 - 419, 0 = -5*z - 20. Let u = -85 - t. What are the prime factors of u?
157
Suppose -4*q - 381 = -7*q. Let y = q - 75. What are the prime factors of y?
2, 13
Suppose 0 = -3*c - 0 - 6, 5*c = 4*x - 8754. What are the prime factors of x?
2, 1093
Let j be 65/4 - 1*(-3)/4. What are the prime factors of j*7 + 6/(-2 + 4)?
2, 61
Let x(m) = 18*m**2 + m + 3. Let w be (1 + 0)*-1 - 80/40. List the prime factors of x(w).
2, 3
Suppose 14*c = 18*c - 16. What are the prime factors of 275 + c/(-6)*3?
3, 7, 13
Let w = 262 + -258. Let v be (-12)/(-4)*(1 + 0). Suppose 24 + 18 = 2*r + v*d, 64 = w*r - 4*d. List the prime factors of r.
2, 3
Suppose -14*j = -119 - 77. Let f(o) = 10*o + 33. What are the prime factors of f(j)?
173
Let p be (-8)/4 - 2 - -9. Suppose p*w = -10, 3*w = 4*r - 2*w - 1062. List the prime factors of r.
263
Let x(w) = w**3 + 4*w**2 - 7*w - 5. Let j be x(-4). Let s = -41 + 25. Let y = s + j. List the prime factors of y.
7
Suppose -4*i + 0*r + 398 = -2*r, -535 = -5*i - 5*r. Suppose -5*h + 2*z - 101 = -356, 3*z = -2*h + i. What are the prime factors of h?
3, 17
Let l(d) = -d**3 + 13*d**2 + 15*d + 1. Let b be l(14). Let a = b - 11. Suppose a*h - 77 = 243. What are the prime factors of h?
2, 5
Let r = -1138 - -1960. Let z = r + -465. What are the prime factors of z?
3, 7, 17
Suppose 3*y - 6 = 3*m + 12, 3*m - 17 = -4*y. Suppose 3*a = p + 95, -y*a + 30 = -p - 127. What are the prime factors of a?
31
Let n(d) = 2 + 2 + 3*d - 153*d**2 + 225*d**2. What are the prime factors of n(-1)?
73
Let w(x) = -132*x - 403. List the prime factors of w(-29).
5, 137
Suppose -8*x + 2105 = -3*x. What are the prime factors of x?
421
Suppose 5*f = 5*l + 645 - 5000, -2*l = -5*f - 1754. List the prime factors of l.
3, 17
Let u be -3*((-2)/2)/1. Let j = -162 - -164. Suppose -j*f = g - 5*f - 30, -u*g = -3*f - 78. What are the prime factors of g?
2, 3
Let n be (-3)/(-18)*-2 + 1/3. Suppose -2*p = 2*m + 107 - 317, n = -3*m - p + 305. What are the prime factors of m?
2, 5
Suppose 4*u + 60 = 4*h, -5*u + 1 + 4 = 3*h. Let p = 5 - h. List the prime factors of (-159)/(-5) + (-1)/p.
2
Suppose -4*b - 40 = -3*k, -2*k + 0*k + 5*b + 29 = 0. Let u = k - 9. Suppose s = 2*s - 3, -u*y - 3*s + 36 = 0. What are the prime factors of y?
3
Let d(z) = 8*z**3 + z**2 + 7*z + 5. What are the prime factors of d(5)?
3, 5, 71
Suppose 3*j - 21 = 3*u, 2*j = -3*u + 7*u + 24. Suppose -j*l + 0*l = 168. Let g = -20 - l. What are the prime factors of g?
2
Suppose 2296 - 723 = 11*t. What are the prime factors of t?
11, 13
Let k(i) = -i**3 - 43*i**2 + 76*i + 70. What are the prime factors of k(-45)?
2, 5, 7
Let o(f) = f**3 + 5*f**2 - 5*f + 6. Let z be o(-6). Suppose z = -5*x + x + 188. Suppose c + 2*h - x + 11 = 0, -c + h + 27 = 0. List the prime factors of c.
2, 3, 5
Let d(b) = -112*b**3 + 2*b**2 + b. Let j be -1*((-4)/(-4))/1 + 0. What are the prime factors of d(j)?
113
Let s(r) = r + 9. Let v be s(-5). Suppose -5*j - 174 = -a, -5*a + 740 = 5*j - v*j. List the prime factors of a.
149
Let i(r) = 2*r**2 + 5*r - 3. Let q be i(-5). Suppose -25*h = -q*h - 132. Let u = h + 16. List the prime factors of u.
2, 3, 5
Let u be 5/(-2) - ((-6)/(-4) - 1). List the prime factors of u/((-27)/60)*9.
2, 3, 5
Let n be 11 - -30 - (-1)/1*-1. List the prime factors of (-1858)/(-16) + (-5)/n.
2, 29
Suppose -5 = 4*t - 3*z - 14, -3*z + 33 = 3*t. Let i be -7 + 1 - -14 - 6. Suppose 3*d - t*d - l = -63, -37 = -i*d + l. List the prime factors of d.
2, 5
Let w be (-2)/(-2)*(-5 - 1). What are the prime factors of ((-4)/w)/(1/6)?
2
Suppose -5*x - 3 - 22 = 0. Let p = -1556 - -1501. What are the prime factors of ((-77)/p)/((-1)/x)?
7
Suppose -2*s + 1953 = -4*a + a, -2*s - 5*a + 1929 = 0. List the prime factors of s.
2, 3
Suppose -11516 = -2*f - g - 4563, 3*f - 2*g - 10447 = 0. What are the prime factors of f?
7, 71
Let o(s) = 5*s**2 + 2*s - 10. Let a be o(7). Suppose -6*u = -a - 207. List the prime factors of u.
2, 19
Suppose -755 = 14*s - 9*s. Let x = -85 - s. What are the prime factors of x?
2, 3, 11
Let n = 52 - 50. Suppose 5*j + n*j - 812 = 0. What are the prime factors of j?
2, 29
Let r(u) = u**2 - 12*u - 44. Let b(y) = -y**3 + 7*y**2 - 5*y + 13. Let d be b(6). List the prime factors of r(d).
89
Let i(c) = c**2 - 5*c + 4. Let k be i(5). Suppose 0 = 4*o - 0*v + 4*v - 244, k*v = -o + 76. What are the prime factors of o?
2, 7
Suppose -197 = 5*b - 2952. What are the pri